is the remainder when t(-5) is divided by h?
15
Calculate the remainder when (-1332)/(-42) - 4/(-14) is divided by 17.
15
Suppose -7*j = -12*j - 20. Let c = 17 + 12. What is the remainder when c is divided by (-1 - (-6)/j)*-4?
9
Suppose -2*z = -0*z + 12. Let n(o) = -2*o - 9. Calculate the remainder when ((2 - 3)/(-1))/(-2)*-20 is divided by n(z).
1
Calculate the remainder when 176/(7 - 3) + -2 is divided by 11.
9
Let s(x) = x**3 - 6*x**2 - 11*x. Calculate the remainder when s(8) is divided by 10.
0
Let h = 17 + -13. Suppose 65 = h*w - 327. What is the remainder when w is divided by 25?
23
Suppose -304 = 5*c - 13*c. What is the remainder when 226 is divided by c?
36
Let x = 7 + -4. Let y = -12 + 17. What is the remainder when y is divided by x?
2
Let k(l) = l**2 - 5*l - 14. Let o(x) = x**2 - x - 5. Let a be o(0). Let z(g) = -g**3 - 6*g**2 - 7*g - 7. What is the remainder when k(-3) is divided by z(a)?
1
Let l = 3 - -7. What is the remainder when l is divided by 3?
1
Let x = -3 - -15. Let m(g) = g**3 + 6*g**2 + 4*g + 2. What is the remainder when x is divided by m(-5)?
5
Let u be 20/4*14/1. Suppose -2*c - u = -4*c. Let y(k) = -k**3 - 6*k**2 - 6*k + 7. Calculate the remainder when c is divided by y(-5).
11
Let v be (11 + 1)*1/3. Suppose 4*b + b + v*o = 71, -2 = -2*b + 5*o. Calculate the remainder when 21 is divided by b.
10
Let k be (-2)/(-6) - 2/6. Suppose k*p - 2*d - 4 = -p, -3*d - 9 = 0. Calculate the remainder when 12 is divided by 6 + p + (2 - -1).
5
Let y(r) = r + 8. Let m be y(-6). Let s be 25/2 + 1/(-2). What is the remainder when 35 is divided by s*1/(m/2)?
11
Let f(j) = -j + 18. Calculate the remainder when f(4) is divided by 5.
4
Suppose -f = -3 - 67. Calculate the remainder when f is divided by 12.
10
Let k = 41 + -28. What is the remainder when k is divided by 8?
5
Suppose 4*y - 86 = -3*k, 2*k = -6*y + 3*y + 59. What is the remainder when 38 is divided by k?
16
Suppose 2*w - 2*s = 22, 0 = 4*w - s - 8 - 42. Suppose 6*t - 3*t = 15. Calculate the remainder when w is divided by t.
3
Let i = 59 + -1. Suppose i = 5*s - 4*k, -5*k + k = 2*s - 12. What is the remainder when 28 is divided by s?
8
Suppose -1 = 2*h - 5. Suppose -1 = f - 3. Suppose 2*y + 0 = m + 7, -f*m = y + 9. Calculate the remainder when h is divided by y.
0
Let r = 108 + -38. Let m = -384 + 408. Calculate the remainder when r is divided by m.
22
Suppose 3*j = 5*j - 182. Calculate the remainder when j is divided by 31.
29
Suppose n = 0, -4*n + 64 = 6*r - 2*r. Suppose -r = -a - 3*a. What is the remainder when (-3)/(-9) + 87/9 is divided by a?
2
Suppose 3*i - 15 = 2*i. Suppose 4*y = 5*c - 12 - 5, 0 = 5*y + i. Let b(p) = -p**2 + 7*p + 10. What is the remainder when b(8) is divided by c?
0
Suppose 3*y + 22 = -32. Let h = -17 + 9. Let q = h - y. What is the remainder when q is divided by 4?
2
Let v(o) = 11*o - 5. Let q(u) = -11*u + 5. Let m(j) = 2*q(j) + 3*v(j). Let s be ((-208)/130)/((-2)/5). Calculate the remainder when m(s) is divided by 14.
11
Let c(d) = d**3 + 4*d**2 + 3*d - 2. Let x be c(-3). Let o be 72 + -3 - x*1. Let s = o + -44. Calculate the remainder when s is divided by 14.
13
Let j(c) = -1 + 10 + 10*c**2 + 9*c + 13*c**3 - 12*c**3. Calculate the remainder when 35 is divided by j(-9).
8
Suppose 2*j = 4*j - 16. Suppose 30 = -0*q + q + n, -q + 33 = -2*n. Calculate the remainder when q is divided by j.
7
What is the remainder when 96 is divided by -27*(-6)/9 + 4*-1?
12
Suppose 2*d = 8, 2*m - 314 = -0*d + d. Suppose -4*t = -61 - 11. Calculate the remainder when (-1)/((-6 - -3)/m) is divided by t.
17
Let q(h) be the second derivative of -h**4/12 - h**3/6 + 13*h**2/2 - 3*h. What is the remainder when 37 is divided by q(0)?
11
Suppose -2*o - o = -12. Suppose 0 = -o*k + 2*k + 50. Calculate the remainder when k is divided by 13.
12
Suppose -2*w + 5*h - 56 = -5*w, -h + 52 = 4*w. What is the remainder when 47 is divided by w?
11
Let c(a) = -3*a**3 - 2*a**2 + 3*a + 3. What is the remainder when 35 is divided by c(-2)?
9
Suppose 3*d + m - 26 = -6, -m - 1 = 0. Let o(i) = i - 17. Let x be o(d). Let w = 45 + x. What is the remainder when w is divided by 18?
17
Let h = -36 + 59. Suppose 2*i - 134 = -44. Calculate the remainder when i is divided by h.
22
Let i(f) = -f**3 + 7*f**2 + 10*f - 5. Let b(q) = -q + 1. Let u be b(-7). What is the remainder when 21 is divided by i(u)?
10
What is the remainder when 6/((-1)/14*-4) is divided by 12?
9
Calculate the remainder when 2/(-8) + 1704/32 + -4 is divided by 28.
21
Let a = 11 - 6. Calculate the remainder when 4 - (0 - (11 - -3)) is divided by a.
3
Let o(y) = y**3 + 14. Let u(a) = 5*a. What is the remainder when o(0) is divided by u(1)?
4
Calculate the remainder when 44 is divided by ((-2)/(-1))/((-3)/((-207)/6)).
21
Let d be 126/(-15) + (-2)/(-5). Let g = -7 - d. Calculate the remainder when (-5)/(-2) - 2/(-4) is divided by g.
0
Let z(s) = s**3 + 6*s**2 - 12*s - 2. Calculate the remainder when 96 is divided by z(-7).
30
Let u(t) = t**2 + 10*t. Let h be u(-7). Let w = 35 + h. Calculate the remainder when 40 is divided by w.
12
Suppose -8 + 28 = 5*m, 75 = 3*b - 3*m. Suppose 3*p + s - 4 + 67 = 0, 0 = 4*s. Let t = p - -31. What is the remainder when b is divided by t?
9
Let f be (8/(-2))/(8/(-48)). Suppose 4*w = w + f. What is the remainder when 22 is divided by w?
6
Let r = 14 - -15. Let t(s) = -4*s + 0 + 1 + 2. Calculate the remainder when r is divided by t(-3).
14
Let t = -114 - -124. Let j(w) = -w**3 + 5*w**2 + 3. What is the remainder when t is divided by j(5)?
1
Suppose -3*g = g - 2*r - 30, -10 = -5*g - 3*r. Suppose -5*v - 18 = -2*s, s - 5 = g*v + 4. Calculate the remainder when 22 is divided by (-4)/18 - (-56)/s.
4
Let y(f) = f**3 + 16*f**2 - 18*f. Calculate the remainder when y(-17) is divided by 6.
5
Suppose 4*p - 8*p = 128. Calculate the remainder when 31 is divided by p/((0 - 2) + 0).
15
Let p(h) = -7*h + 1. Let w be (-588)/(-9) - 4/(-6). What is the remainder when 1/(9/w)*3 is divided by p(-1)?
6
Suppose -14 = q - 38. Let t = q - 1. Calculate the remainder when t is divided by 13.
10
Let z(i) = -7*i. What is the remainder when z(-3) is divided by 6/(-2) + 14*1?
10
Suppose 2*d = 6*d - 8. Calculate the remainder when 8 is divided by (3 - 0 - d)*5.
3
Let m(o) = -o. Suppose -3*v + 8 + 7 = 0. Let x(h) = h**3 - 6*h**2 + 5*h + 5. Calculate the remainder when x(v) is divided by m(-3).
2
Let n(v) = -4*v - 5. Let x be n(-2). Suppose -t = -x*t + 4. Suppose 2*g + 5 = 7*g. Calculate the remainder when t is divided by g.
0
Let f = -172 + 108. Let c = -44 - f. Calculate the remainder when c is divided by ((-11)/(-2))/((-1)/(-2)).
9
What is the remainder when 217/6 + (-5)/30 is divided by 13?
10
Let q(k) = 4*k**3 - 1. Let v be q(1). Suppose -70 = -v*i + i. Calculate the remainder when i is divided by 3*3*(3 - 1).
17
Let m = 63 - 49. Calculate the remainder when (2 - 2) + -2 - -56 is divided by m.
12
Suppose 15*r + 270 = 18*r. What is the remainder when r is divided by 23?
21
Suppose -2*a = -j - 34, -4*a - j + 90 - 34 = 0. Suppose a = 2*u + 3*u. What is the remainder when 7 is divided by u?
1
Let b(z) = z + 1. Let y(q) = q**2 + 6*q + 1. Let x(m) = -5*b(m) + y(m). Let d be x(-3). Suppose -12 = -2*f - d*f. What is the remainder when 4 is divided by f?
1
Let d(y) = y**2 + 6*y - 3. Let s = -6 - -12. What is the remainder when d(s) is divided by 18?
15
Suppose 111 = -35*q + 38*q. Calculate the remainder when q is divided by 11.
4
Suppose -2*u + 3*g + 95 = 3*u, -g + 49 = 2*u. Let y = 34 - u. Let l(k) = 2*k - 10. What is the remainder when l(16) is divided by y?
10
Let n be 3/(-6 + 3) - -6. Suppose n*y - j - 157 = -54, -2*y + 52 = -4*j. What is the remainder when 37 is divided by y?
17
Let m(y) = -20*y + 4. Let z(s) = 21*s - 5. Let f(o) = 4*m(o) + 3*z(o). Calculate the remainder when f(-1) is divided by 7.
4
Let q be 3/((-6)/4) - 0. What is the remainder when 81 is divided by q/(-14) - (-730)/35?
18
Let x = 42 - 21. What is the remainder when x is divided by 6?
3
Let r be 2/(-3) - (-24)/(-18). What is the remainder when 17 is divided by (-5)/r*(7 - 5)?
2
Let g(o) = 2*o + 2. Let d be g(5). Suppose 5*v - d = -4*a, 6*v + 12 = 4*a + 2*v. What is the remainder when 8 is divided by a?
2
Let o = -10 - -21. Calculate the remainder when 52 is divided by o.
8
Supp